{"id":50,"date":"2012-11-15T20:59:10","date_gmt":"2012-11-15T20:59:10","guid":{"rendered":"http:\/\/mevss.jku.at\/?page_id=50"},"modified":"2020-01-28T14:10:41","modified_gmt":"2020-01-28T14:10:41","slug":"staff","status":"publish","type":"page","link":"http:\/\/mevss.jku.at\/?page_id=50","title":{"rendered":"Team"},"content":{"rendered":"<figure id=\"attachment_2709\" aria-describedby=\"caption-attachment-2709\" style=\"width: 474px\" class=\"wp-caption alignnone\"><a href=\"http:\/\/mevss.jku.at\/?attachment_id=2709\" rel=\"attachment wp-att-2709\"><img decoding=\"async\" loading=\"lazy\" class=\"wp-image-2709 size-large\" src=\"http:\/\/mevss.jku.at\/wp-content\/uploads\/2017\/10\/MEVSSGroupPicture2017-1024x682.jpg\" alt=\"\" width=\"474\" height=\"316\" srcset=\"http:\/\/mevss.jku.at\/wp-content\/uploads\/2017\/10\/MEVSSGroupPicture2017-1024x682.jpg 1024w, http:\/\/mevss.jku.at\/wp-content\/uploads\/2017\/10\/MEVSSGroupPicture2017-300x200.jpg 300w, http:\/\/mevss.jku.at\/wp-content\/uploads\/2017\/10\/MEVSSGroupPicture2017-768x512.jpg 768w, http:\/\/mevss.jku.at\/wp-content\/uploads\/2017\/10\/MEVSSGroupPicture2017.jpg 2000w\" sizes=\"(max-width: 474px) 100vw, 474px\" \/><\/a><figcaption id=\"caption-attachment-2709\" class=\"wp-caption-text\">Team picture taken in October 2017. Lisa Maria Kritzinger, Birgit Kranzl, Lukas Linsbauer, Markus Weninger, Mario Kahlhofer, Daniel Hinterreiter, Thomas Krismayer, Andreas Sch\u00f6rgenhumer, Herbert Pr\u00e4hofer, Kevin Feichtinger, Rick Rabiser, Hanspeter M\u00f6ssenb\u00f6ck, Paul Gr\u00fcnbacher.\u00a0<\/figcaption><\/figure>\n<h3>Members of the CD Lab<\/h3>\n<table border=\"0\">\n<tbody>\n<tr>\n<td><a href=\"http:\/\/mevss.jku.at\/?page_id=168\"><img decoding=\"async\" loading=\"lazy\" class=\" wp-image-970 alignnone\" src=\"http:\/\/mevss.jku.at\/wp-content\/uploads\/2015\/02\/fangerer.jpg\" alt=\"Florian\" width=\"50\" height=\"64\" \/><\/a><\/td>\n<td><a title=\"Florian Angerer\" href=\"http:\/\/mevss.jku.at\/?page_id=168\">Florian Angerer<\/a><\/td>\n<td>Researcher<\/td>\n<\/tr>\n<tr>\n<td><a href=\"http:\/\/mevss.jku.at\/?page_id=401\"><img decoding=\"async\" loading=\"lazy\" class=\" wp-image-970 alignnone\" src=\"http:\/\/mevss.jku.at\/wp-content\/uploads\/2015\/02\/vbitto.jpg\" alt=\"Verena\" width=\"50\" height=\"64\" \/><\/a><\/td>\n<td><a title=\"Verena Bitto\" href=\"http:\/\/mevss.jku.at\/?page_id=401\">Verena Bitto<\/a><\/td>\n<td>Researcher<\/td>\n<\/tr>\n<tr>\n<td><a href=\"http:\/\/mevss.jku.at\/?page_id=2534\"><img decoding=\"async\" loading=\"lazy\" class=\" wp-image-970 alignnone\" src=\"http:\/\/mevss.jku.at\/wp-content\/uploads\/2017\/07\/Boehm.jpg\" alt=\"Thomas\" width=\"50\" height=\"64\" \/><\/a><\/td>\n<td><a title=\"Thomas B\u00f6hm\" href=\"http:\/\/mevss.jku.at\/?page_id=2534\">Thomas B\u00f6hm<\/a><\/td>\n<td>Student Researcher<\/td>\n<\/tr>\n<tr>\n<td><a href=\"http:\/\/mevss.jku.at\/?page_id=2825\"><img decoding=\"async\" loading=\"lazy\" class=\" wp-image-970 alignnone\" src=\"http:\/\/mevss.jku.at\/wp-content\/uploads\/2018\/02\/pchalupar.jpg\" alt=\"Peter\" width=\"50\" height=\"64\" \/><\/a><\/td>\n<td><a title=\"Peter Chalupar\" href=\"http:\/\/mevss.jku.at\/?page_id=2825\">Peter Chalupar<\/a><\/td>\n<td>Student Researcher<\/td>\n<\/tr>\n<tr>\n<td><a href=\"http:\/\/mevss.jku.at\/?page_id=2687\"><img decoding=\"async\" loading=\"lazy\" class=\" wp-image-970 alignnone\" src=\"http:\/\/mevss.jku.at\/wp-content\/uploads\/2017\/09\/kfeichtinger.png\" alt=\"Kevin\" width=\"50\" height=\"64\" \/><\/a><\/td>\n<td><a title=\"Kevin Feichtinger\" href=\"http:\/\/mevss.jku.at\/?page_id=2687\">Kevin Feichtinger<\/a><\/td>\n<td>Researcher<\/td>\n<\/tr>\n<tr>\n<td><a href=\"http:\/\/mevss.jku.at\/?page_id=533\"><img decoding=\"async\" loading=\"lazy\" class=\" wp-image-970 alignnone\" src=\"http:\/\/mevss.jku.at\/wp-content\/uploads\/2015\/02\/pfeichtinger.jpg\" alt=\"Peter\" width=\"50\" height=\"64\" \/><\/a><\/td>\n<td><a title=\"Peter Feichtinger\" href=\"http:\/\/mevss.jku.at\/?page_id=533\">Peter Feichtinger<\/a><\/td>\n<td>Student Researcher<\/td>\n<\/tr>\n<tr>\n<td><a href=\"http:\/\/mevss.jku.at\/?page_id=1538\"><img decoding=\"async\" loading=\"lazy\" class=\" wp-image-970 alignnone\" src=\"http:\/\/mevss.jku.at\/wp-content\/uploads\/2015\/08\/sfitzek.png\" alt=\"Stefan\" width=\"50\" height=\"64\" \/><\/a><\/td>\n<td><a title=\"Stefan Fitzek\" href=\"http:\/\/mevss.jku.at\/?page_id=1538\">Stefan Fitzek<\/a><\/td>\n<td>Student Researcher<\/td>\n<\/tr>\n<tr>\n<td><a href=\"http:\/\/mevss.jku.at\/?page_id=2564\"><img decoding=\"async\" loading=\"lazy\" class=\" wp-image-970 alignnone\" src=\"http:\/\/mevss.jku.at\/wp-content\/uploads\/2017\/08\/Gander.jpg\" alt=\"Elias\" width=\"50\" height=\"64\" \/><\/a><\/td>\n<td><a title=\"Elias Gander\" href=\"http:\/\/mevss.jku.at\/?page_id=2564\">Elias Gander<\/a><\/td>\n<td>Student Researcher<\/td>\n<\/tr>\n<tr>\n<td><a href=\"http:\/\/mevss.jku.at\/?page_id=2805\"><img decoding=\"async\" loading=\"lazy\" class=\" wp-image-970 alignnone\" src=\"http:\/\/mevss.jku.at\/wp-content\/uploads\/2018\/02\/cgerstberger.jpg\" alt=\"Christoph\" width=\"50\" height=\"64\" \/><\/a><\/td>\n<td><a title=\"Christoph Gerstberger\" href=\"http:\/\/mevss.jku.at\/?page_id=2805\">Christoph Gerstberger<\/a><\/td>\n<td>Student Researcher<\/td>\n<\/tr>\n<tr>\n<td><a href=\"http:\/\/mevss.jku.at\/?page_id=403\"><img decoding=\"async\" loading=\"lazy\" class=\" wp-image-970 alignnone\" src=\"http:\/\/mevss.jku.at\/wp-content\/uploads\/2015\/02\/dgnedt.jpg\" alt=\"David\" width=\"50\" height=\"64\" \/><\/a><\/td>\n<td><a title=\"David Gnedt\" href=\"http:\/\/mevss.jku.at\/?page_id=403\">David Gnedt<\/a><\/td>\n<td>Student Researcher<\/td>\n<\/tr>\n<tr>\n<td><a href=\"http:\/\/mevss.jku.at\/?page_id=289\"><img decoding=\"async\" loading=\"lazy\" class=\" wp-image-970 alignnone\" src=\"http:\/\/mevss.jku.at\/wp-content\/uploads\/2015\/02\/agrimmer.jpg\" alt=\"Andreas\" width=\"50\" height=\"64\" \/><\/a><\/td>\n<td><a title=\"Andreas Grimmer\" href=\"http:\/\/mevss.jku.at\/?page_id=289\">Andreas Grimmer<\/a><\/td>\n<td>Student Researcher<\/td>\n<\/tr>\n<tr>\n<td><a href=\"http:\/\/mevss.jku.at\/?page_id=2431\"><img decoding=\"async\" loading=\"lazy\" class=\" wp-image-970 alignnone\" src=\"http:\/\/mevss.jku.at\/wp-content\/uploads\/2017\/03\/mhansal.jpg\" alt=\"Michael\" width=\"50\" height=\"64\" \/><\/a><\/td>\n<td><a title=\"Michael Hansal\" href=\"http:\/\/mevss.jku.at\/?page_id=2431\">Michael Hansal<\/a><\/td>\n<td>Student Researcher<\/td>\n<\/tr>\n<tr>\n<td><a href=\"http:\/\/mevss.jku.at\/?page_id=170\"><img decoding=\"async\" loading=\"lazy\" class=\" wp-image-970 alignnone\" src=\"http:\/\/mevss.jku.at\/wp-content\/uploads\/2015\/02\/phofer.jpg\" alt=\"Peter\" width=\"50\" height=\"64\" \/><\/a><\/td>\n<td><a title=\"Peter Hofer\" href=\"http:\/\/mevss.jku.at\/?page_id=170\">Peter Hofer<\/a><\/td>\n<td>Researcher<\/td>\n<\/tr>\n<tr>\n<td><a href=\"http:\/\/paul.gruenbacher.at\"><img decoding=\"async\" loading=\"lazy\" class=\" wp-image-970 alignnone\" src=\"http:\/\/mevss.jku.at\/wp-content\/uploads\/2015\/02\/pgruenbacher.jpg\" alt=\"Paul\" width=\"50\" height=\"64\" \/><\/a><\/td>\n<td><a href=\"http:\/\/paul.gruenbacher.at\">Paul Gr\u00fcnbacher<\/a><\/td>\n<td>Head of Laboratory<\/td>\n<\/tr>\n<tr>\n<td><a href=\"http:\/\/mevss.jku.at\/?page_id=1946\"><img decoding=\"async\" loading=\"lazy\" class=\" wp-image-970 alignnone\" src=\"http:\/\/mevss.jku.at\/wp-content\/uploads\/2016\/01\/dhinterreiter.jpg\" alt=\"Daniel\" width=\"50\" height=\"64\" \/><\/a><\/td>\n<td><a title=\"Peter Hofer\" href=\"http:\/\/mevss.jku.at\/?page_id=1946\">Daniel Hinterreiter<\/a><\/td>\n<td>Researcher<\/td>\n<\/tr>\n<tr>\n<td><a href=\"http:\/\/mevss.jku.at\/?page_id=68\"><img decoding=\"async\" loading=\"lazy\" class=\" wp-image-970 alignnone\" src=\"http:\/\/mevss.jku.at\/wp-content\/uploads\/2015\/02\/bkranzl.jpg\" alt=\"Birgit\" width=\"50\" height=\"64\" \/><\/a><\/td>\n<td><a title=\"Birgit Kranzl\" href=\"http:\/\/mevss.jku.at\/?page_id=68\">Birgit Kranzl<\/a><\/td>\n<td>Administrative Assistant<\/td>\n<\/tr>\n<tr>\n<td><a href=\"http:\/\/mevss.jku.at\/?page_id=2532\"><img decoding=\"async\" loading=\"lazy\" class=\" wp-image-970 alignnone\" src=\"http:\/\/mevss.jku.at\/wp-content\/uploads\/2017\/07\/Kahlhofer.jpg\" alt=\"Mario\" width=\"50\" height=\"64\" \/><br \/>\n<\/a><\/td>\n<td><a title=\"Mario Kahlhofer\" href=\"http:\/\/mevss.jku.at\/?page_id=2532\">Mario Kahlhofer<\/a><\/td>\n<td>Student Researcher<\/td>\n<\/tr>\n<tr>\n<td><a href=\"http:\/\/mevss.jku.at\/?page_id=2143\"><img decoding=\"async\" loading=\"lazy\" class=\" wp-image-970 alignnone\" src=\"http:\/\/mevss.jku.at\/wp-content\/uploads\/2016\/09\/tkrismayr.png\" alt=\"Thomas\" width=\"50\" height=\"64\" \/><\/a><\/td>\n<td><a title=\"Thomas Krismayr\" href=\"http:\/\/mevss.jku.at\/?page_id=2143\">Thomas Krismayer<\/a><\/td>\n<td>Researcher<\/td>\n<\/tr>\n<tr>\n<td><a href=\"http:\/\/mevss.jku.at\/?page_id=2219\"><img decoding=\"async\" loading=\"lazy\" class=\" wp-image-970 alignnone\" src=\"http:\/\/mevss.jku.at\/wp-content\/uploads\/2016\/11\/lkritzinger.jpg\" alt=\"Lisa Maria\" width=\"50\" height=\"64\" \/><\/a><\/td>\n<td><a title=\"Lisa Maria Kritzinger\" href=\"http:\/\/mevss.jku.at\/?page_id=2219\">Lisa Maria Kritzinger<\/a><\/td>\n<td>Student Researcher<\/td>\n<\/tr>\n<tr>\n<td><a href=\"http:\/\/mevss.jku.at\/?page_id=485\"><img decoding=\"async\" loading=\"lazy\" class=\" wp-image-970 alignnone\" src=\"http:\/\/mevss.jku.at\/wp-content\/uploads\/2015\/02\/mkromoser.jpg\" alt=\"Mario\" width=\"50\" height=\"64\" \/><\/a><\/td>\n<td><a title=\"Mario Kromoser\" href=\"http:\/\/mevss.jku.at\/?page_id=485\">Mario Kromoser<\/a><\/td>\n<td>Student Researcher<\/td>\n<\/tr>\n<tr>\n<td><a href=\"http:\/\/mevss.jku.at\/?page_id=2295\"><img decoding=\"async\" loading=\"lazy\" class=\" wp-image-970 alignnone\" src=\"http:\/\/mevss.jku.at\/wp-content\/uploads\/2016\/11\/llinsbauer.jpg\" alt=\"Lukas\" width=\"50\" height=\"64\" \/><\/a><\/td>\n<td><a title=\"Lukas Linsbauer\" href=\"http:\/\/mevss.jku.at\/?page_id=2295\">Lukas Linsbauer<\/a><\/td>\n<td>Post-Doc<\/td>\n<\/tr>\n<tr>\n<td><a href=\"http:\/\/mevss.jku.at\/?page_id=174\"><img decoding=\"async\" loading=\"lazy\" class=\" wp-image-970 alignnone\" src=\"http:\/\/mevss.jku.at\/wp-content\/uploads\/2015\/02\/plengauer.jpg\" alt=\"Philipp\" width=\"50\" height=\"64\" \/><\/a><\/td>\n<td><a title=\"Philipp Lengauer\" href=\"http:\/\/mevss.jku.at\/?page_id=174\">Philipp Lengauer<\/a><\/td>\n<td>Research Associate<\/td>\n<\/tr>\n<tr>\n<td><a href=\"http:\/\/mevss.jku.at\/?page_id=3207\"><img decoding=\"async\" loading=\"lazy\" class=\" wp-image-970 alignnone\" src=\"http:\/\/mevss.jku.at\/wp-content\/uploads\/2019\/08\/Makor.jpg\" alt=\"Lukas\" width=\"50\" height=\"64\" \/><br \/>\n<\/a><\/td>\n<td><a title=\"Lukas Makor\" href=\"http:\/\/mevss.jku.at\/?page_id=3207\">Lukas Makor<\/a><\/td>\n<td>Student Researcher<\/td>\n<\/tr>\n<tr>\n<td><a href=\"http:\/\/www.ssw.uni-linz.ac.at\/General\/Staff\/HM\/\"><img decoding=\"async\" loading=\"lazy\" class=\" wp-image-970 alignnone\" src=\"http:\/\/mevss.jku.at\/wp-content\/uploads\/2015\/02\/hmoessenboeck.jpg\" alt=\"Hanspeter\" width=\"50\" height=\"64\" \/><\/a><\/td>\n<td><a href=\"http:\/\/www.ssw.uni-linz.ac.at\/General\/Staff\/HM\/\">Hanspeter M\u00f6ssenb\u00f6ck<\/a><\/td>\n<td>Senior Research Associate<\/td>\n<\/tr>\n<tr>\n<td><a href=\"http:\/\/mevss.jku.at\/?page_id=2807\"><img decoding=\"async\" loading=\"lazy\" class=\" wp-image-970 alignnone\" src=\"http:\/\/mevss.jku.at\/wp-content\/uploads\/2018\/02\/mpeche.jpg\" alt=\"Martin\" width=\"50\" height=\"64\" \/><\/a><\/td>\n<td><a title=\"Martin Pech\u00e9\" href=\"http:\/\/mevss.jku.at\/?page_id=2807\">Martin Pech\u00e9<\/a><\/td>\n<td>Student Researcher<\/td>\n<\/tr>\n<tr>\n<td><a href=\"http:\/\/www.ssw.uni-linz.ac.at\/General\/Staff\/HP\/\"><img decoding=\"async\" loading=\"lazy\" class=\" wp-image-970 alignnone\" src=\"http:\/\/mevss.jku.at\/wp-content\/uploads\/2015\/02\/hpraehofer.jpg\" alt=\"Herbert\" width=\"50\" height=\"64\" \/><\/a><\/td>\n<td><a href=\"http:\/\/www.ssw.uni-linz.ac.at\/General\/Staff\/HP\/\">Herbert Pr\u00e4hofer<\/a><\/td>\n<td>Senior Research Associate<\/td>\n<\/tr>\n<tr>\n<td><a href=\"http:\/\/mevss.jku.at\/?page_id=176\"><img decoding=\"async\" loading=\"lazy\" class=\" wp-image-970 alignnone\" src=\"http:\/\/mevss.jku.at\/wp-content\/uploads\/2015\/02\/dlettner.jpg\" alt=\"Daniela\" width=\"50\" height=\"64\" \/><\/a><\/td>\n<td><a title=\"Daniela Rabiser\" href=\"http:\/\/mevss.jku.at\/?page_id=176\">Daniela Rabiser (Lettner)<\/a><\/td>\n<td>Researcher<\/td>\n<\/tr>\n<tr>\n<td><a href=\"http:\/\/mevss.jku.at\/?page_id=57\"><img decoding=\"async\" loading=\"lazy\" class=\" wp-image-970 alignnone\" src=\"http:\/\/mevss.jku.at\/wp-content\/uploads\/2015\/02\/rrabiser.jpg\" alt=\"Rick\" width=\"50\" height=\"64\" \/><\/a><\/td>\n<td><a title=\"Rick Rabiser\" href=\"http:\/\/mevss.jku.at\/?page_id=57\">Rick Rabiser<\/a><\/td>\n<td>Senior Researcher<\/td>\n<\/tr>\n<tr>\n<td><a href=\"http:\/\/mevss.jku.at\/?page_id=2690\"><img decoding=\"async\" loading=\"lazy\" class=\" wp-image-970 alignnone\" src=\"http:\/\/mevss.jku.at\/wp-content\/uploads\/2017\/08\/Reisinger.jpg\" alt=\"Florian\" width=\"50\" height=\"64\" \/><\/a><\/td>\n<td><a title=\"Florian Reisinger\" href=\"http:\/\/mevss.jku.at\/?page_id=2690\">Florian Reisinger<\/a><\/td>\n<td>Student Researcher<\/td>\n<\/tr>\n<tr>\n<td><a href=\"http:\/\/mevss.jku.at\/?page_id=2976\"><img decoding=\"async\" loading=\"lazy\" class=\" wp-image-970 alignnone\" src=\"http:\/\/mevss.jku.at\/wp-content\/uploads\/2018\/10\/dromano.png\" alt=\"Elias\" width=\"50\" height=\"64\" \/><\/a><\/td>\n<td><a title=\"Dario Romano\" href=\"http:\/\/mevss.jku.at\/?page_id=2976\">Dario Romano<\/a><\/td>\n<td>Student Researcher<\/td>\n<\/tr>\n<tr>\n<td><a href=\"http:\/\/mevss.jku.at\/?page_id=1647\"><img decoding=\"async\" loading=\"lazy\" class=\" wp-image-970 alignnone\" src=\"http:\/\/mevss.jku.at\/wp-content\/uploads\/2015\/09\/aschorgenhumer.jpg\" alt=\"Andreas\" width=\"50\" height=\"64\" \/><\/a><\/td>\n<td><a title=\"Andreas Sch\u00f6rgenhumer\" href=\"http:\/\/mevss.jku.at\/?page_id=1647\">Andreas Sch\u00f6rgenhumer<\/a><\/td>\n<td>Researcher<\/td>\n<\/tr>\n<tr>\n<td><a href=\"http:\/\/mevss.jku.at\/?page_id=178\"><img decoding=\"async\" loading=\"lazy\" class=\"alignnone size-full wp-image-990\" src=\"http:\/\/mevss.jku.at\/wp-content\/uploads\/2015\/10\/jthanhofer.jpg\" alt=\"J\u00fcrgen\" width=\"50\" height=\"64\" \/><\/a><\/td>\n<td><a title=\"J\u00fcrgen Thanhofer-Pilisch\" href=\"http:\/\/mevss.jku.at\/?page_id=178\">J\u00fcrgen Thanhofer-Pilisch<\/a><\/td>\n<td>Student Researcher<\/td>\n<\/tr>\n<tr>\n<td><a href=\"http:\/\/mevss.jku.at\/?page_id=180\"><img decoding=\"async\" loading=\"lazy\" class=\" wp-image-970 alignnone\" src=\"http:\/\/mevss.jku.at\/wp-content\/uploads\/2015\/02\/mvierhauser.jpg\" alt=\"Michael\" width=\"50\" height=\"64\" \/><\/a><\/td>\n<td><a title=\"Michael Vierhauser\" href=\"http:\/\/mevss.jku.at\/?page_id=180\">Michael Vierhauser<\/a><\/td>\n<td>Researcher<\/td>\n<\/tr>\n<tr>\n<td><a href=\"http:\/\/mevss.jku.at\/?page_id=1742\"><img decoding=\"async\" loading=\"lazy\" class=\"alignnone size-full wp-image-990\" src=\"http:\/\/mevss.jku.at\/wp-content\/uploads\/2015\/09\/mweninger.jpg\" alt=\"Markus\" width=\"50\" height=\"64\" \/><\/a><\/td>\n<td><a title=\"Markus Weninger\" href=\"http:\/\/mevss.jku.at\/?page_id=1742\">Markus Weninger<\/a><\/td>\n<td>Researcher<\/td>\n<\/tr>\n<tr>\n<td><img decoding=\"async\" loading=\"lazy\" class=\"alignnone size-full wp-image-990\" src=\"http:\/\/mevss.jku.at\/wp-content\/uploads\/2016\/10\/rwolfinger.jpg\" alt=\"Reinhard\" width=\"50\" height=\"64\" \/><\/td>\n<td><a title=\"Reinhard Wolfinger\" href=\"http:\/\/mevss.jku.at\/?page_id=329\">Reinhard Wolfinger<\/a><\/td>\n<td>Senior Research Associate<\/td>\n<\/tr>\n<tr>\n<td><a href=\"http:\/\/mevss.jku.at\/?page_id=2124\"><img decoding=\"async\" loading=\"lazy\" class=\"alignnone size-full wp-image-990\" src=\"http:\/\/mevss.jku.at\/wp-content\/uploads\/2016\/09\/swurzinger.png\" alt=\"Stefan\" width=\"50\" height=\"64\" \/><\/a><\/td>\n<td><a title=\"Stefan Wurzinger\" href=\"http:\/\/mevss.jku.at\/?page_id=2124\">Stefan Wurzinger<\/a><\/td>\n<td>Student Researcher<\/td>\n<\/tr>\n<\/tbody>\n<\/table>\n","protected":false},"excerpt":{"rendered":"<p>Members of the CD Lab Florian Angerer Researcher Verena Bitto Researcher Thomas B\u00f6hm Student Researcher Peter Chalupar Student Researcher Kevin Feichtinger Researcher Peter Feichtinger Student Researcher Stefan Fitzek Student Researcher Elias Gander Student Researcher Christoph Gerstberger Student Researcher David Gnedt Student Researcher Andreas Grimmer Student Researcher Michael Hansal Student Researcher Peter Hofer Researcher Paul Gr\u00fcnbacher &hellip; <a href=\"http:\/\/mevss.jku.at\/?page_id=50\" class=\"more-link\">Continue reading <span class=\"screen-reader-text\">Team<\/span> <span class=\"meta-nav\">&rarr;<\/span><\/a><\/p>\n","protected":false},"author":1,"featured_media":0,"parent":0,"menu_order":0,"comment_status":"closed","ping_status":"closed","template":"page-templates\/full-width.php","meta":[],"_links":{"self":[{"href":"http:\/\/mevss.jku.at\/index.php?rest_route=\/wp\/v2\/pages\/50"}],"collection":[{"href":"http:\/\/mevss.jku.at\/index.php?rest_route=\/wp\/v2\/pages"}],"about":[{"href":"http:\/\/mevss.jku.at\/index.php?rest_route=\/wp\/v2\/types\/page"}],"author":[{"embeddable":true,"href":"http:\/\/mevss.jku.at\/index.php?rest_route=\/wp\/v2\/users\/1"}],"replies":[{"embeddable":true,"href":"http:\/\/mevss.jku.at\/index.php?rest_route=%2Fwp%2Fv2%2Fcomments&post=50"}],"version-history":[{"count":151,"href":"http:\/\/mevss.jku.at\/index.php?rest_route=\/wp\/v2\/pages\/50\/revisions"}],"predecessor-version":[{"id":3234,"href":"http:\/\/mevss.jku.at\/index.php?rest_route=\/wp\/v2\/pages\/50\/revisions\/3234"}],"wp:attachment":[{"href":"http:\/\/mevss.jku.at\/index.php?rest_route=%2Fwp%2Fv2%2Fmedia&parent=50"}],"curies":[{"name":"wp","href":"https:\/\/api.w.org\/{rel}","templated":true}]}}